pose 4*s - 3*s - r - 34 = 0, -134 = -q*s + 3*r. What is the tens digit of s?
3
Suppose 3*r - 2 = -4*f - 20, 0 = -3*r + 6. What is the units digit of -2 + 4 + f + 67?
3
What is the units digit of (5664/(-144))/(-1 + 14/18)?
7
Let k(i) be the second derivative of -i**5/20 + i**4/2 - i**3 + 4*i**2 + 14*i. Let g be k(5). Suppose 3 = w, w - 11 - 1 = -g*y. What is the units digit of y?
3
Let o(w) = 38*w + 18. What is the tens digit of o(11)?
3
Let y be (72/(-15))/((-14)/(-105)). Let n be (-8)/y - 4/18. Suppose n = 11*t - 7*t - 52. What is the tens digit of t?
1
Let q be 6 - -7 - (1 - -1). Suppose 0 = -3*v + 7*v - 3*w - q, -1 = v - 2*w. Let n = -2 + v. What is the units digit of n?
3
Suppose 10*m - 7*m - 6 = 0. Suppose 0 = 4*z - m*k - 240, -k = 2 - 4. What is the tens digit of z?
6
Suppose 5*g = 2*g + 6. Let b be g/(-5) + 1068/(-30). Let v = -18 - b. What is the units digit of v?
8
Let w(r) be the third derivative of -r**6/120 - 3*r**5/20 + r**4/6 + 3*r**3 + r**2. Let z be w(-8). Let f = -48 - z. What is the tens digit of f?
3
Suppose 3348 = 2*y + s, 3*y + 36*s = 32*s + 5022. What is the thousands digit of y?
1
Let y(q) = q - 7. Let b be y(-3). Let k = b + 87. Suppose k = 3*r - 5*p, -4*r + 9*r - 116 = -4*p. What is the units digit of r?
4
Let r be (2 + (-4)/(-12))*-15. Let o = r + 58. What is the units digit of o?
3
Let q be -2 - (1 - 1) - -455. Suppose 3 + q = 6*a. What is the tens digit of a?
7
Let n be -2 + 4 + 0 + -2. Let t(d) = -5*d + 2. Let g be t(0). Suppose n = -4*m - 3*q + 16, -g*q + 11 = -4*m + 47. What is the units digit of m?
7
Let h(j) = 13*j + 3. Let z(i) = 14*i + 3. Let g(p) = 7*h(p) - 6*z(p). What is the tens digit of g(3)?
2
Let u = 342 + 18. Suppose -b + 5*b = -u. Let i = -63 - b. What is the tens digit of i?
2
Let c = -5 + 8. Let t be (8 - 116/(-16)) + 3/4. Let v = t - c. What is the tens digit of v?
1
Suppose -5*r + 5 = -10. Let p be r*1/3*3. Suppose p*t - 28 = -2*y + t, -4*y + 3*t = -28. What is the units digit of y?
0
Suppose -4 = -s - 0*s. Let k(n) = n**3 + 9*n**2 + 6. Let v be k(-9). What is the units digit of (s/v)/((-5)/(-15))?
2
Suppose 2*u - 5511 = -9*u. What is the hundreds digit of u?
5
Let i(p) = p - 4. Let r be i(7). Let w(f) = f**2 - 4*f - r*f + 4*f + 5 + f. What is the tens digit of w(5)?
2
Let o be (-1 + 2)/((-7)/(-21)). Suppose 3*b + o - 12 = 0. Suppose b*v - 2*t = 166 - 51, -5*t = -3*v + 103. What is the tens digit of v?
4
Let z = 0 + 4. Suppose 4*c - 860 = -0*c - z*s, -3*s = -5*c + 1035. Suppose 6*t - c = t. What is the units digit of t?
2
Suppose 0 = -2*y - y - 2*d + 17, -33 = -5*y - d. Suppose 3 = -2*u + y. Suppose u*k + o - 44 = -3*o, -k + 3*o + 12 = 0. What is the tens digit of k?
1
Suppose -4*z - 864 = -2*m, z + 1321 = -25*m + 28*m. What is the units digit of m?
2
Let d(z) = z**3 + 9*z**2 + 3*z - 5. Let u = -4 - 3. Let j be d(u). Suppose 3*c = -c + j. What is the tens digit of c?
1
Suppose 4*p - 11396 = -18*p. What is the units digit of p?
8
Let n = 23 - 20. Let m(x) = -x**3 + 4*x**2 - x - 3. What is the units digit of m(n)?
3
What is the units digit of (-1)/(3/12) + 439?
5
Let p = -24 + 28. Let s(j) = 16*j**2 + 3*j - 3. What is the units digit of s(p)?
5
Let f(g) be the second derivative of -g**5/20 - g**4/3 - 2*g**3/3 - g**2 - 11*g. What is the tens digit of f(-5)?
4
Let d = 4725 + -1586. What is the tens digit of d?
3
Suppose -12 = -5*l - 317. Let s = l - -205. What is the hundreds digit of s?
1
Let f be 1 - (2 - -23) - 0. Let l be ((-49)/(-28))/((-2)/f). Suppose -4*h + 103 + l = 0. What is the tens digit of h?
3
What is the units digit of -3 + (3 + 165 - 3)?
2
Let o be (20/(-15))/(2/(-3)). Suppose 4*w = o*r - 200, 5*w + 88 = 5*r - 422. What is the units digit of r?
4
Suppose 2*p = 3*l - 10846, -9 = -2*p - 19. What is the thousands digit of l?
3
Let g = 17 + -28. Let c be (81/36)/((-9)/(-48)). Let r = c + g. What is the units digit of r?
1
Let h(t) = 5*t**2 - 199*t - 90. What is the tens digit of h(52)?
8
Suppose -3*j = -42 + 3. Suppose 600 = -9*a + j*a. Suppose 0*u - 5*u + a = 0. What is the tens digit of u?
3
Let i = 3 + 2. Suppose y = -3*y - 3*f + 428, y + 4*f - 94 = 0. Suppose -i*h + y = 5*s, 4*s + 94 + 18 = 4*h. What is the tens digit of h?
2
Let p(l) = -13*l + 173. What is the tens digit of p(-12)?
2
Suppose 24*o - 20*o = 1368. What is the units digit of o?
2
Let o(c) = 11*c - 11. Let k be o(4). Suppose 4*m = -0*g + 5*g - 209, -3*m = -g + k. What is the units digit of g?
5
Let a(l) = -248*l + 251. What is the thousands digit of a(-17)?
4
Let w = -31 - -30. What is the tens digit of 47 + w/(-1) + -2?
4
Let q be 221 + 14 - (-2)/(3 + -1). Suppose -2*t + q = -2*v, 487 = 4*t + v - 0*v. What is the units digit of t?
1
Let s = 552 + -122. What is the units digit of s?
0
Let w(r) = r**2 + r - 6. Let l(j) = 2 - j - 8 - j**2 + 3*j + 2*j**2. Let v(q) = -5*l(q) + 4*w(q). What is the units digit of v(-5)?
1
Let q(s) = s**3 - 8*s**2 - 3*s + 15. Let z be q(8). What is the hundreds digit of (-1401)/z + -2 + 4/(-6)?
1
Suppose -11*q - 16*q = -31725. What is the units digit of q?
5
Let m(v) = -173*v**2 - 6*v - 14. Let u(r) = 115*r**2 + 4*r + 9. Let n(x) = 5*m(x) + 8*u(x). What is the units digit of n(-2)?
8
Let r be 4/14 - 30/7. Let h(l) be the third derivative of -l**6/120 - l**5/30 + l**4/8 + 2*l**3/3 + l**2. What is the tens digit of h(r)?
2
Let s(k) = 8*k**2 - 7*k + 6. Suppose -2*c + 4*n = -7*c + 24, -19 = -5*c + n. What is the units digit of s(c)?
6
Suppose 2*c = -h - 10, 2*c = -3*h - 2*c - 20. What is the tens digit of (h + (-15 - 1))*(-11)/2?
8
Let a = -3769 - -6686. What is the tens digit of a?
1
Let s be (2 - -13)/(-3)*912/(-30). Let u = s - 97. What is the units digit of u?
5
Suppose 6*q - 21400 = 4736. What is the units digit of q?
6
Let h be (-21)/(-14)*32/6. What is the tens digit of (-90)/(-4) + (-4)/h?
2
Let w(p) = 20*p + 614. What is the hundreds digit of w(-23)?
1
Suppose 671*p = 664*p + 1799. What is the units digit of p?
7
Suppose -11*u - 815 = -2597. What is the units digit of u?
2
Let n = 93 - 92. What is the tens digit of 69 + 2/(-6)*(n + 8)?
6
Suppose -4640 = -4*x - 2*z, 5*z + 4 = -6. What is the thousands digit of x?
1
Suppose d = 3*b, -1 = -4*b + 3. Suppose -q + 5 = -j, 0*q + 19 = -d*j + 5*q. Let t(f) = -9*f - 3. What is the units digit of t(j)?
4
Suppose 3*n + 92 = w, -3*n = w - 8*n - 98. What is the tens digit of w?
8
Let l be (-159)/(-1) - (-6 + 6). Let s be 16/(-12)*l/2. Let o = -52 - s. What is the units digit of o?
4
Let c(b) = 2*b**2 - 47*b - 14. What is the units digit of c(45)?
1
Let v(d) = d**3 + 12*d**2 - 11*d + 7. Let u be v(-13). Let m = -17 - u. Suppose -120 = -3*t - m*t. What is the tens digit of t?
2
Let p = -565 + 967. Suppose 290 + p = 4*u. What is the units digit of u?
3
Let k(g) be the third derivative of g**4/12 + 4*g**3 + 9*g**2. Let u be k(-10). Suppose -37 - 131 = -u*v. What is the units digit of v?
2
Let g = -2549 - -6606. What is the thousands digit of g?
4
Let m(v) = -30*v + 102. What is the tens digit of m(-20)?
0
Suppose -4*c = w - 147, 2 = -5*c + 4*c. Suppose -y = 2*a - 14 - 88, 2*y = -3*a + w. What is the units digit of a?
9
Let j be (-6)/(-18) + (-41)/(-3). Let x = j - 11. Suppose x*s = 0, -2*v - 5*s = 3*v - 335. What is the units digit of v?
7
Let d(i) = i**2 + 13*i + 6. Let h(n) = n + 1. Let f(q) = d(q) + 6*h(q). What is the tens digit of f(-21)?
5
Let y = 1894 + -1345. What is the tens digit of y?
4
Let f(v) = -v + 4. Let l be f(5). Let z be (l + 0)*6/1. What is the units digit of (-3472)/(-96) - (-1)/z?
6
Let i(r) = r**3 + 33*r**2 - 166*r - 84. What is the hundreds digit of i(-37)?
5
What is the units digit of ((-522)/(-116))/((-683)/(-680) + -1)?
0
Let f(n) be the second derivative of -n**3 - 3*n**2/2 - 3*n. Suppose 0 = -p - 5, 2*p - 44 = 4*m + 6*p. What is the tens digit of f(m)?
3
Suppose 140 = -r + 197. What is the units digit of r?
7
Suppose -5*w = -3*w + 28. Let q = -11 - w. Suppose s + z = 13, q*s - 2*s - 16 = 2*z. What is the units digit of s?
4
Let h(i) = 159*i + 263. What is the tens digit of h(11)?
1
Let r(b) = 14*b**2 + 3. Let g be r(-4). Let c = g - 120. What is the tens digit of c?
0
Let f = 3 - -1. Suppose -5*z + 2*o + 935 = 0, 0*o + 20 = -4*o. Suppose a + f*a = z. What is the units digit of a?
7
Let s = -40 + 39. What is the units digit 